69. Let a = -1020 - -1016. What is n(a)?
-9
Suppose 4*h + h = 15. Let a(z) = 3 - z - 10*z**2 + 7*z**2 + 3*z + z + z**h. Let w be 2 + (-2)/(-10 - -6 - -2). What is a(w)?
12
Let h(a) = -12*a. Let r(o) = -24*o**2 + 13*o - 10. Let l be r(1). Let v be (-3)/((-147)/(-28)) + (-33)/l. Determine h(v).
-12
Let s be 0*(6/9)/(-2) - (-14)/14. Let o(l) = -32*l + 30. Give o(s).
-2
Let u(o) be the first derivative of -3*o**2/2 - 11*o + 1465. Give u(-9).
16
Let h be (-450)/(-50)*4/(-18). Let l(o) = -3*o**2 - 5*o + 2. Calculate l(h).
0
Let s(a) = -a**3 - 5*a**2 + 18*a + 34. Let h be s(-7). Let l be 32/48 + -2*2/h. Let n(w) be the second derivative of w**3/6 - w. What is n(l)?
0
Suppose -3*c + 55 = -2*i, 25*c - 30*c = 4*i + 209. Let r(l) = l**3 + 41*l**2 + 6. Calculate r(i).
6
Suppose 82*j - 500 + 2304 = 0. Let d(s) = s**2 + 20*s - 30. What is d(j)?
14
Let u(i) = -4*i**3 - 144*i**2 - 47*i - 16. Let d(v) = -3*v**3 - 120*v**2 - 48*v - 16. Let r(b) = -5*d(b) + 4*u(b). What is r(26)?
16
Let z(g) = g**3 - g + 12. Let x(l) = -2*l**3 + 8*l**2 - 6*l - 24. Let c(m) = x(m) + z(m). Calculate c(7).
-12
Suppose 84 = 4*m - 16. Suppose -m = -2*p + 45. Let d(w) = -w - 25 - p + 68. Determine d(-6).
14
Let f(n) = -n**2 + n + 2. Let h(m) = -3*m**2 - 6*m - 10. Let z be 3/((18/30)/1). Let q(w) = z*f(w) + h(w). Calculate q(-1).
-7
Suppose 3*r + 61 = k, 5*k - 3*r = 3*k + 113. Let f(s) = -6*s**2 - s**3 + 60 + 2*s - s**2 - k + 2*s**3. Determine f(6).
-16
Suppose -4*u - 40 = -5*b, -5*b - 3*u - 3 = -2*b. Let z(y) = 8 - 1 - 5 + b*y. What is z(2)?
10
Let j = -1871 - -1867. Let h(o) = -4*o**2 - 19*o + 5. What is h(j)?
17
Suppose 0 = -5*f - 2*b + 16, f + b - 5*b = -10. Let n = 24 + -2. Let u(s) = 1 - 21*s**3 - 10*s**f + 4*s**2 + n*s**3 + 3*s. Calculate u(5).
-9
Suppose -3*t - 48 = -5*c, 0*c - 3*c = 3*t + 96. Let i(l) = 2*l**2 + 52*l - 2. Calculate i(t).
-2
Suppose 11*m - 12 = 8*m. Let k(d) = -218*d**2 - 211*d**2 + 430*d**2 + 2 - 6*d. Calculate k(m).
-6
Let a(h) = -5*h**3 - 10*h**2 + 6*h - 2. Let r(p) = p**3 + p**2 + p + 2. Suppose 5*j = 2*l - 28, 3*l = -20*j + 19*j + 8. Let d(g) = l*r(g) + a(g). Give d(-7).
-15
Let h(g) be the third derivative of g**5/60 - g**4/12 - 1730*g**2. Suppose -3*r + 9 = 3*i - 6*r, 4*i + 2*r - 36 = 0. Calculate h(i).
35
Let p = 3305 + -3290. Let l(q) be the second derivative of -7/2*q**2 + 1/12*q**4 + 2/3*q**3 + 0 - p*q. Determine l(-6).
5
Let w(v) be the third derivative of 0*v + 236*v**2 + 1/20*v**5 + 1/120*v**6 + 2/3*v**3 + 0 - 5/24*v**4. What is w(-5)?
-21
Let c(t) = 148*t**2 - 36*t - 1004 - 150*t**2 + 1025. Give c(-18).
21
Let j(y) = -7*y - 24. Let p be j(-4). Suppose 3*c = p*n + 46, -16 = -0*c - 2*c - n. Suppose -4*w + c = -6*w. Let l(u) = -u - 1. Determine l(w).
4
Let x(j) = 45*j - 122*j + 85*j. Give x(-5).
-40
Let b(u) be the third derivative of 23*u**4/24 + 103*u**3/6 - 168*u**2 + 1. Calculate b(-4).
11
Let k be (-378)/9*(-18)/(-42). Let z(x) = x**3 + 17*x**2 - 17*x - 10. Calculate z(k).
-28
Let g(c) = -13*c**2 - 42*c + 20. Let a(n) = 11*n**2 + 35*n - 16. Let p(h) = 6*a(h) + 5*g(h). What is p(-3)?
13
Let k(v) = 8*v + 20. Let p be k(-3). Let d(n) = n**3 - 7*n**2 + 11*n + 7. Let t(m) = m**3 - 6*m**2 + 9*m + 6. Let j(w) = p*d(w) + 5*t(w). Give j(2).
4
Let w = 9041 - 9050. Let y(i) = -i**2 - 9*i + 17. Calculate y(w).
17
Let a(z) = -41*z + 103*z - 41*z - 26*z - 2. What is a(2)?
-12
Suppose -432*k + 354*k + 156 = 0. Let d(w) = -w**2 - 6. Calculate d(k).
-10
Let s be ((-5)/2)/(70/(-168)*-3). Let g(d) = 7*d**2 - d - 4. Determine g(s).
26
Let c(x) = -x - 1. Let h(v) = -7*v - 4. Let j(p) = 5*c(p) - h(p). Let y(z) = 3*z**2 + 5*z + 5. Let f be y(-1). Suppose -f*q = -4*q + 2. Give j(q).
3
Let a(f) be the third derivative of -f**4/12 + 19*f**3/6 + 10*f**2 - 15. Give a(6).
7
Let u(v) = 288*v + 17 - 557*v + 279*v. What is u(0)?
17
Let g(a) be the first derivative of -58 + 9*a - 1/2*a**2. What is g(4)?
5
Suppose 4*d = -2*p + 5*d + 28, -12 = -3*d. Suppose -p*w = -22 - 10. Let t(g) = -2*g**2 + 3*g - 3. Determine t(w).
-5
Suppose -8*r - 1442 + 1474 = 0. Let a(s) = s**2 + s - 1. Let b(f) = 3*f**2 + 5*f - 8. Let t(h) = -4*a(h) + b(h). Give t(r).
-16
Let p(v) = -105*v. Let i(j) = -12*j**2 - 105*j + 1. Let k(x) = i(x) - p(x). Let h = 1 - 0. What is k(h)?
-11
Let u(a) = a**3 - 4*a**2 - 2*a - 9. Let c = -11816 - -11812. Calculate u(c).
-129
Suppose -5*j = 3*v - 155, j - 60*v - 31 = -56*v. Let s(w) be the first derivative of -4*w + 1/3*w**3 - 2*w**2 - j. Determine s(3).
-7
Let r(t) = t**2 - 6*t + 2. Suppose -3*h = -4*l + 10, -l + 18 = -5*h - 10. Let z be (-984)/(-287) + h/14. Calculate r(z).
-7
Let y(g) = 3*g**3 - 4*g**2 - g - 7. Suppose -4 = q - 12. Let c(z) = -41*z - 15 - q*z**2 + 79*z + 7*z**3 - 40*z. Let o(k) = 2*c(k) - 5*y(k). Calculate o(4).
9
Suppose 0 = -3*b - 2 + 17. Let m = 847 - 845. Let j(w) = 1 - 339*w + 167*w + m + 173*w. Calculate j(b).
8
Let h = 598 + -597. Let f(o) = -4*o**2 - 6*o - 27. Let r(m) = -m**2 - m - 4. Let a(q) = h*f(q) - 6*r(q). What is a(4)?
29
Suppose -3*y - 4*h - 330 = 0, 5*y - 2*h = 19 - 569. Let g = 112 + y. Let r(f) = -2*f**2 + 4*f - 6. What is r(g)?
-6
Let j(o) be the first derivative of o**5/20 + 2*o**4/3 + 2*o**3/3 - 7*o**2/2 + 184*o - 79. Let k(u) be the first derivative of j(u). Calculate k(-6).
41
Let d(v) = 259*v - 422. Let m(n) = -412*n + 633. Let k(a) = 8*d(a) + 5*m(a). Calculate k(17).
-7
Let g be 40/120*(5 + -2)*2. Let r(v) = 4*v**3 - 3*v**2 + 5*v - 4. Calculate r(g).
26
Let z(l) = -1. Let u(k) = 2*k**2 - 2*k. Let o(d) = -u(d) + z(d). Calculate o(0).
-1
Let l(x) = -x**2 - 2*x + 5. Let n(t) be the third derivative of -t**5/60 - 7*t**4/24 + 125*t**3/6 + t**2 - 23*t. Let o be n(-15). What is l(o)?
-30
Let o(d) = -d + 2. Let n = 267 + 193. Let i = n - 462. Calculate o(i).
4
Suppose 9*w + 5445 = -2925. Let b = w - -924. Let u(r) = r**2 + 6*r + 8. What is u(b)?
8
Let j be 157/(-4) - (-25 + 396/16). Let x(n) = 14*n + 552. What is x(j)?
6
Let v(y) = 2*y**3 - 3*y**2 + y - 1. Let f = 0 + 0. Suppose 0 = -3*k - f - 3, 318 = -4*n - 2*k. Let u = 81 + n. Give v(u).
5
Let h be (-15)/(-18)*936/60. Let a(r) = -3*r**3 + 38*r**2 + 10*r + 14. Determine a(h).
-25
Let k(j) = -j**2 + 12. Let y be k(3). Let b(h) = 6*h - 12 - 2*h + 26 - y*h. Calculate b(-13).
1
Suppose -66*i - 306 = -57*i. Let t = 36 + i. Let a(k) = -k**2 - 3*k + 4. What is a(t)?
-6
Let i(x) = 3*x**2 - 6*x + 2. Suppose 3*j = 4*g - 6, -j - 4*g - 186 + 200 = 0. Calculate i(j).
2
Suppose 2*s - 3*s = 4*y - 85, 0 = 2*s + 6. Let z(u) = 46*u - 20*u - 1 - y*u - 2. Calculate z(4).
13
Let k(j) = 2 - 5 - 4 - 17241*j + 17244*j. What is k(5)?
8
Let v be (-4323)/39 + 2/(-13). Let u = v + 119. Let s(c) = -u*c + c**2 - 2*c**2 + 4 + 11*c. Determine s(5).
-6
Let h(z) be the first derivative of z**4/4 - z**3/3 + 2*z + 19. Let l = 1445 - 1443. Give h(l).
6
Let p(s) = -2*s + 27. Let o(u) = -u + 18. Let b(c) = 5*o(c) - 3*p(c). Suppose -3*l + 4*l = -2. Let y be 4 - 9 - (l - -3). Give b(y).
3
Let y(t) = -t - 6. Suppose -231 = 208*a - 197*a. Let c(s) = -s**3 - 20*s**2 + 16*s - 112. Let u be c(a). Determine y(u).
1
Let d(b) = -b**2 - 3*b - 6. Let z(t) = -t**3 - 10*t**2 - 24*t + 4. Let f be z(-6). Determine d(f).
-34
Let c(w) = w**3 - 3*w**2 + 2*w - 2. Let f be -75 + ((-2)/1 - 2). Let m = -49 - f. Let z be (-5)/m + 39/18. Determine c(z).
-2
Suppose -113*l = 444 + 460. Let t(z) = -z**3 - 8*z**2 + 7*z + 19. Determine t(l).
-37
Let t(l) = -738 - 739 + 11*l**2 + 7*l - 735 + 2943 - 739. Calculate t(1).
10
Let i(u) = 6 + 8 - 5*u - 26 + 3 + 8. Suppose -12*z + 6*z = 60. Let d be 81/15 - (-4)/z. Give i(d).
-26
Let c(w) = 7*w - 11*w + 6673 - 6561 - 23*w. Determine c(5).
-23
Let r be (-2)/(-6) - 4/(-6). Let n(p) be the first derivative of 0*p - 3/2*p**2 + 85. What is n(r)?
-3
Suppose -23*q + 2*q = -462. Suppose -32*s + 43*s - q = 0. Let k(z) = z**2 - 5*z + 2. Calculate k(s).
-4
Let o(z) = -9*z**2 + 18*z - 318. Let d(g) = -8*g**2 + 19*g - 271. Let h(y) = -7*d(y) + 6*o(y). What is h(13)?
2
Let p(v) = -4*v**2 - 32*v + 9. Suppose -3*q = -3*z + 7*z + 20, 3*z + 28 = q. Let w be p(z). Let y(j) = -3*j + 32. Give y(w).
5
Let d(j) = -52*j. Let p(z) = 443*z + 1. Let t(i) = -34*d(i) - 4*p(i). Suppose 0 = -2*w - 4*v - 24, -5*v - 56 = 4*w - 14. Determine t(w).
28
Let t be (-8)/(-5)*(-175)/(-140). Suppose 3*o = t*a + 13 + 11, -4*a - 18 = -o. Let j